culate u(-4).
-2
Let v(t) = t**2 + 17*t + 59. Give v(-12).
-1
Let t(m) = 2*m + 12. Give t(-7).
-2
Let k(z) = 21*z**2 - z + 2. Calculate k(1).
22
Let s(t) = 3*t**2 + 3*t + 8. Calculate s(-3).
26
Let a(h) = -h**3 + h - 38. Calculate a(0).
-38
Let d(q) = -7*q**2 - 2*q - 1. Give d(-1).
-6
Let z(i) = -i**2 + 4*i + 8. Calculate z(6).
-4
Let s(c) = c**2 - 2*c + 1. What is s(4)?
9
Let k(b) = b**2 - 6*b + 5. Calculate k(6).
5
Let t(a) = -a**3 - 5*a**2 + 16*a + 20. Determine t(-7).
6
Let q(c) = 5*c**2 + 12*c - 14. Calculate q(-7).
147
Let u(y) = y**3 - 14*y**2 - 14*y - 17. What is u(15)?
-2
Let y(x) = -8*x**2 - 39*x + 11. What is y(-5)?
6
Let a(f) = 10*f**2 + 6*f - 8. What is a(2)?
44
Let g(j) = -24*j**2 + 74*j - 2. Give g(3).
4
Let b(w) = -3*w**2 - 46*w + 12. Give b(-16).
-20
Let i(k) = k**3 + 2*k + 9. Calculate i(0).
9
Let c(u) = u**3 + 2*u**2 + u + 2. Calculate c(-2).
0
Let o(z) = -z**2 - 26*z + 454. What is o(-38)?
-2
Let z(s) = -s - 1. Give z(-12).
11
Let b(s) = -3*s - 12. What is b(0)?
-12
Let n(u) = -2*u**3 + 16*u**2 + 11*u + 56. What is n(9)?
-7
Let u(q) = -3*q + 9. Give u(5).
-6
Let x(g) = -9*g - 74. What is x(-6)?
-20
Let d(l) = -l**3 - 6*l**2 + 10*l - 1. What is d(-7)?
-22
Let y(l) = -l**2 + 9*l - 2. What is y(10)?
-12
Let j(i) = -i**3 - 17*i**2 + 24*i - 7. Determine j(-18).
-115
Let g(p) = 3*p**2 - 12*p + 11. Give g(3).
2
Let k(o) = 2*o - 22. Give k(-13).
-48
Let t(a) = -a**3 + 4*a**2 - a - 3. Give t(5).
-33
Let f(z) = -z**2 + 15*z - 18. Determine f(11).
26
Let n(c) = c**2 + c + 5. Calculate n(-5).
25
Let v(h) = h**3 - 7*h**2 - 57*h - 28. Determine v(12).
8
Let i(l) = -12*l + 278. Determine i(24).
-10
Let h(k) = k + 73. Give h(-12).
61
Let g(j) = -2*j**3 - 3*j**2 - j - 2. Calculate g(-2).
4
Let y(m) = -4*m - 6. Calculate y(13).
-58
Let w(j) = 2*j**3 - 4*j. Determine w(-2).
-8
Let j(h) = h**2 + 15*h + 40. What is j(-3)?
4
Let u(x) = x**2 + 13*x + 24. What is u(-7)?
-18
Let n(t) = -t + 19. Calculate n(6).
13
Let s(t) = t**3 - 46*t + 11. Determine s(-7).
-10
Let s(n) = -n**3 + 8*n**2 - n + 10. What is s(8)?
2
Let a(h) = -20*h**3 + h**2 + h + 1. Determine a(-1).
21
Let i(k) = -4*k**3 + 1. What is i(-2)?
33
Let f(j) = 14*j - 437. Give f(31).
-3
Let o(c) = c**3 + 4*c**2 - c + 12. Calculate o(-5).
-8
Let d(l) = -l**3 + 11*l**2 - 13*l + 23. What is d(10)?
-7
Let n(b) = -13*b + 33. Calculate n(5).
-32
Let s(f) = 10*f**2 + f - 4. Determine s(-1).
5
Let i(t) = 72*t. Determine i(-1).
-72
Let b(o) = 2*o**3 + 28*o**2 + 5*o + 62. Determine b(-14).
-8
Let h(s) = s**2 - 8*s + 3. Calculate h(8).
3
Let n(p) = -p**2 - 11*p + 16. What is n(-7)?
44
Let v(o) = -4*o - 5. Calculate v(5).
-25
Let c(z) = 2*z**2 - 4*z + 4. What is c(1)?
2
Let l(h) = h - 7. Calculate l(-7).
-14
Let r(g) = g - 3. Determine r(7).
4
Let c(m) = m**3 + 11*m**2 - 25*m + 10. Calculate c(-13).
-3
Let o(j) = -j**3 + 2*j**2 - 6*j - 16. Determine o(-2).
12
Let u(b) = 3*b - 37. Give u(4).
-25
Let b(y) = -10*y - 47. What is b(-3)?
-17
Let j(q) = -3*q**2 + 25*q - 4. Determine j(8).
4
Let q(i) = -i**2 - 10*i + 37. Give q(-13).
-2
Let c(z) = z**3 - 9*z**2 - 10*z. Calculate c(10).
0
Let h(n) = -33*n + 54. What is h(4)?
-78
Let u(d) = 12*d - 217. Give u(18).
-1
Let j(h) = h + 12. Give j(-5).
7
Let o(t) = -t**3 + 23*t**2 + 27*t - 19. What is o(24)?
53
Let r(u) = -33*u**2 + u. Give r(1).
-32
Let v(w) = -8*w - 98. Give v(-12).
-2
Let f(v) = -v - 9. Determine f(-8).
-1
Let m(y) = y**3 - 6*y**2 - 10*y + 23. Give m(7).
2
Let c(r) = r**3 - 7*r**2 + 12*r - 24. Give c(6).
12
Let u(o) = 2*o**3 - o**2 - o. What is u(1)?
0
Let f(d) = -d**2 - 1. What is f(0)?
-1
Let b(g) = -20*g - 2. Give b(3).
-62
Let h(z) = -z**2 + 4*z. What is h(-3)?
-21
Let h(f) = f**2 + 20*f - 31. Give h(-22).
13
Let p(o) = o**3 - 23*o**2 + 102*o - 10. What is p(17)?
-10
Let d(w) = -w**3 + 8*w**2 - 4*w + 24. Determine d(8).
-8
Let k(g) = -g - 2. Give k(3).
-5
Let y(p) = -2*p - 11. What is y(-10)?
9
Let j(b) = -b**2 - 9*b. What is j(-8)?
8
Let y(l) = -l**2 - l - 2. Calculate y(-2).
-4
Let k(f) = f**2 - 7*f - 34. Give k(10).
-4
Let u(o) = o**3 + 14*o**2 - 2*o - 20. What is u(-14)?
8
Let m(k) = 2*k + 2. What is m(0)?
2
Let d(x) = -48*x - 89. Give d(-2).
7
Let q(i) = 4*i - 8. Calculate q(-7).
-36
Let k(f) = -7*f. Give k(-4).
28
Let w(v) = -49*v + 10. Give w(-2).
108
Let x(o) = o - 6. Give x(13).
7
Let g(q) = -35*q - 638. Calculate g(-18).
-8
Let g(m) = 43*m + 7. Calculate g(-1).
-36
Let s(w) = w**3 - 8*w**2 + 2*w + 3. What is s(6)?
-57
Let n(y) = -11*y + 17. Calculate n(-3).
50
Let n(j) = -16*j - 2. What is n(6)?
-98
Let w(p) = p**2 - 5*p - 58. What is w(-6)?
8
Let f(b) = 13*b**2 + 4*b + 2. Determine f(-1).
11
Let s(d) = 2*d**3 - 30*d**2 - 31*d + 4. Give s(16).
20
Let c(m) = m**3 + 9*m**2 - 3*m - 8. Give c(-9).
19
Let p(a) = a - 8. Determine p(12).
4
Let i(r) = r**2 + r - 1. Determine i(1).
1
Let r(i) = -5*i - 17. Calculate r(-5).
8
Let i(q) = 3*q**2 + 86*q + 34. Calculate i(-28).
-22
Let v(q) = q**3 - 1. Calculate v(3).
26
Let s(u) = -u**3 + 3*u**2 + u - 5. Calculate s(4).
-17
Let j(z) = -2*z**2 + z + 6. What is j(3)?
-9
Let l(o) = o**2 - 6*o + 8. Determine l(4).
0
Let j(c) = c**3 - 3*c**2 - 8*c + 9. Determine j(6).
69
Let q(i) = -18*i - 193. Give q(-10).
-13
Let y(t) = 2*t - 112. Calculate y(59).
6
Let q(i) = 4*i + 1. Calculate q(-5).
-19
Let r(k) = -2*k - 49. What is r(-27)?
5
Let o(j) = -6*j**2 + 6*j - 5. Determine o(1).
-5
Let b(g) = 2*g + 32. Calculate b(-11).
10
Let i(a) = 4*a**2 + 47*a. Determine i(-12).
12
Let g(l) = l**2 + 16*l - 8. Give g(-9).
-71
Let x(n) = -9*n. Determine x(2).
-18
Let i(u) = u**3 + 3*u**2 - 5. Calculate i(-3).
-5
Let l(s) = s**3 + 9*s**2 + 6*s. Calculate l(-3).
36
Let o(k) = -11*k + 6. What is o(9)?
-93
Let w(z) = -4*z + 2. What is w(3)?
-10
Let x(y) = -11*y + 36. Give x(3).
3
Let p(v) = -12*v + 4. Calculate p(3).
-32
Let t(k) = k**2 - 2*k - 36. Determine t(7).
-1
Let b(d) = d**3 + 29*d**2 - 31*d - 29. What is b(-30)?
1
Let r(k) = -k**3 - 6*k**2 + k - 1. Calculate r(-6).
-7
Let l(i) = -2*i**3 + 10*i**2 + 12*i + 8. What is l(6)?
8
Let g(x) = x**2 + 2*x + 2. Give g(1).
5
Let a(r) = -2*r**2 - 4*r - 35. Determine a(0).
-35
Let w(j) = -j**2 + 6*j - 5. Calculate w(3).
4
Let q(p) = 9*p + 8. What is q(3)?
35
Let b(t) = t**2 + 6*t + 2. What is b(-4)?
-6
Let k(l) = l**2 + 12*l - 10. Calculate k(-13).
3
Let c(w) = -2*w**2 - 2*w + 12. Calculate c(-5).
-28
Let c(k) = 13*k**2 + k + 3. Determine c(-1).
15
Let x(s) = 2*s - 74. Determine x(0).
-74
Let l(x) = 13*x**2 - 2*x + 1. Calculate l(2).
49
Let q(x) = -5*x - 32. Determine q(-12).
28
Let z(f) = 19*f - 453. What is z(24)?
3
Let i(v) = -2*v**3 - 4*v**2 - 4*v - 4. Determine i(-2).
4
Let m(h) = 11*h - 7. Calculate m(2).
15
Let m(z) = -3*z**2 - 15*z + 4. Give m(-5).
4
Let d(w) = -w**2 - 5*w + 3. What is d(-6)?
-3
Let x(o) = o**2 - 14*o - 19. Calculate x(15).
-4
Let z(p) = p**3 - 14*p**2 + 24*p - 6. Give z(12).
-6
Let m(h) = 2*h - 15. What is m(-14)?
-43
Let m(k) = k**2 - 36*k + 222. Determine m(26).
-38
Let m(k) = k**3 + 4*k**2 - 8*k - 21. Give m(-4).
11
Let c(j) = -14*j**3 + j**2 + j + 1. Give c(-1).
15
Let v(h) = h**3 + 3*h**2 + 9*h + 76. Determine v(-5).
-19
Let u(i) = 57*i**2 - 168*i + 1. Give u(3).
10
Let m(u) = -u**3 - 17*u**2 + 7. What is m(-17)?
7
Let w(z) = z**2 - 8. Determine w(-4).
8
Let q(c) = 12*c + 205. Calculate q(-16).
13
Let g(d) = d**2 + 13*d + 31. Determine g(-7).
-11
Let r(l) = -l**3 - 10*l**2 + 100. What is r(-9)?
19
Let m(p) = -p**3 - 24*p**2 - 25*p - 46. Give m(-23).
0
Let k(m) = -19*m**2 + 114*m + 6. Calculate k(6).
6
Let w(y) = -y**3 + 17*y**2 - 61*y + 23. What is w(12)?
11
Let m(t) = t**3 - 3*t**2 - 16*t - 18. Determine m(6).
-6
Let i(w) = w**3 - 8*w**2 - 13*w + 4. Calculate i(9).
-32
Let z(d) = -d**2 + 4*d + 1. What is z(3)?
4
Let q(z) = -2*z + 8. Give q(-12).
32
Let x(y) = 2*y**2 + 10*y + 4. Calculate x(-6).
16
Let w(l) = -2*l**2 - 10*l - 4. Give w(-8).
-52
Let u(g) = -g**2 - 2*g + 55. Calculate u(-8).
7
Let i(p) = 19*p**2 - 2*p - 1. Calculate i(1).
16
Let a(g) = -g + 18. Calculate a(12).
6
Let f(x) = -2*x**3 + 20*x**2 - 18*x + 8. What is f(9)?
8
Let u(x) = x**3 + 17*x**2 - 17. What is u(-17)?
-17
Let i(h) = -10*h**2 + 3*h - 2. Determine i(2).
-36
Let l(z) = z**2 - 25*z + 8. Give l(24).
-16
Let a(k) = k**2 - 1. Give a(1).
0
Let l(h) = -h**3 - 10*h**2 - 2